{"id":29,"date":"2020-10-26T00:07:37","date_gmt":"2020-10-26T03:07:37","guid":{"rendered":"http:\/\/decretoseleis.blog.br\/?page_id=29"},"modified":"2022-05-31T11:59:50","modified_gmt":"2022-05-31T14:59:50","slug":"sobre","status":"publish","type":"page","link":"https:\/\/decretoseleis.blog.br\/?page_id=29","title":{"rendered":"Sobre"},"content":{"rendered":"\r\n<h2>Apresenta\u00e7\u00e3o<\/h2>\r\n<p>Estou no Poder P\u00fablico desde 1993, onde exerci as fun\u00e7\u00f5es de v\u00e1rios cargos, tanto no Poder Executivo quanto no Legislativo e em empresas p\u00fablicas, como procurador municipal, assessor jur\u00eddico, consultor jur\u00eddico e secret\u00e1rio de assuntos jur\u00eddicos.<\/p>\r\n<p>Tenho especial interesse em t\u00e9cnica legislativa, e pude constatar que n\u00e3o \u00e9 muito comum artigos e outros trabalhos sobre o assunto. Ali\u00e1s, at\u00e9 mesmo a literatura nacional a respeito n\u00e3o \u00e9 muito extensa.<\/p>\r\n<p>Isso j\u00e1 n\u00e3o ocorre com respeito \u00e0 interpreta\u00e7\u00e3o de normas jur\u00eddicas, \u00e1rea em que h\u00e1 muitos trabalhos\u00a0 desenvolvidos a respeito, al\u00e9m da literatura ser bem mais ampla e abrangente.<\/p>\r\n<p>Os assuntos deste blog ser\u00e3o t\u00e9cnica legislativa e interpreta\u00e7\u00e3o de atos normativos, com \u00eanfase no primeiro tema.<\/p>\r\n<p>Espero que minha contribui\u00e7\u00e3o seja \u00fatil.<\/p>\r\n<p>&nbsp;<\/p>\r\n","protected":false},"excerpt":{"rendered":"<p>Apresenta\u00e7\u00e3o Estou no Poder P\u00fablico desde 1993, onde exerci as fun\u00e7\u00f5es de v\u00e1rios cargos, tanto no Poder Executivo quanto no Legislativo e em empresas p\u00fablicas, como procurador municipal, assessor jur\u00eddico, consultor jur\u00eddico e secret\u00e1rio de assuntos jur\u00eddicos. Tenho especial interesse em t\u00e9cnica legislativa, e pude constatar que n\u00e3o \u00e9 muito comum artigos e outros trabalhos [&hellip;]<\/p>\n","protected":false},"author":1,"featured_media":0,"parent":0,"menu_order":0,"comment_status":"closed","ping_status":"closed","template":"","meta":{"spay_email":"","footnotes":""},"class_list":["post-29","page","type-page","status-publish","hentry"],"_links":{"self":[{"href":"https:\/\/decretoseleis.blog.br\/index.php?rest_route=\/wp\/v2\/pages\/29","targetHints":{"allow":["GET"]}}],"collection":[{"href":"https:\/\/decretoseleis.blog.br\/index.php?rest_route=\/wp\/v2\/pages"}],"about":[{"href":"https:\/\/decretoseleis.blog.br\/index.php?rest_route=\/wp\/v2\/types\/page"}],"author":[{"embeddable":true,"href":"https:\/\/decretoseleis.blog.br\/index.php?rest_route=\/wp\/v2\/users\/1"}],"replies":[{"embeddable":true,"href":"https:\/\/decretoseleis.blog.br\/index.php?rest_route=%2Fwp%2Fv2%2Fcomments&post=29"}],"version-history":[{"count":12,"href":"https:\/\/decretoseleis.blog.br\/index.php?rest_route=\/wp\/v2\/pages\/29\/revisions"}],"predecessor-version":[{"id":469,"href":"https:\/\/decretoseleis.blog.br\/index.php?rest_route=\/wp\/v2\/pages\/29\/revisions\/469"}],"wp:attachment":[{"href":"https:\/\/decretoseleis.blog.br\/index.php?rest_route=%2Fwp%2Fv2%2Fmedia&parent=29"}],"curies":[{"name":"wp","href":"https:\/\/api.w.org\/{rel}","templated":true}]}}